 n(-19).
-26
Let l(h) = 14*h**2 + 8*h + 15. Calculate l(-3).
117
Let b(c) = 2*c**2 - 39*c - 902. Give b(33).
-11
Let s(q) = -25*q + 120. Determine s(4).
20
Let m(x) = -26*x - 639. What is m(-17)?
-197
Let a(m) = 2*m**2 + 147*m + 722. Calculate a(-5).
37
Let d(b) = b**3 + 3*b**2 - 10*b - 12. What is d(5)?
138
Let q(u) = -977*u - 8799. Calculate q(-9).
-6
Let q(s) = 5*s**2 + 30*s - 147. Determine q(3).
-12
Let m(d) = -591*d + 25410. Give m(43).
-3
Let i(f) = 8*f + 300. Give i(-41).
-28
Let v(y) = -394*y**3 + 3*y**2 + 79*y - 82. What is v(1)?
-394
Let q(s) = s**3 + 14*s**2 - 72*s + 15. Calculate q(-18).
15
Let v(x) = x**3 - 32*x**2 - 61*x + 863. Determine v(33).
-61
Let i(c) = 12*c**3 + 16*c**2 - 17*c - 30. What is i(-2)?
-28
Let b(c) = c**3 - 2*c**2 - 89*c - 52. Calculate b(10).
-142
Let l(m) = -5*m**2 - 6*m + 21. Calculate l(5).
-134
Let c(a) = -3*a**3 - a**2 + 3*a - 10. Give c(2).
-32
Let n(a) = -5*a**3 + 37*a**2 - 11*a - 10. Determine n(7).
11
Let u(w) = 333*w + 2009. Give u(-6).
11
Let x(h) = -h**2 + 4*h + 31. What is x(10)?
-29
Let x(i) = i**3 + 13*i**2 - 22*i - 18. Determine x(-14).
94
Let g(p) = 19*p**2 + 9*p + 17. Calculate g(-4).
285
Let q(z) = z**2 - 19*z - 129. Calculate q(25).
21
Let r(d) = d**3 - 61*d**2 + 3*d - 177. Calculate r(61).
6
Let x(p) = -p**3 + 39*p**2 - 2*p + 131. Calculate x(39).
53
Let p(j) = 2*j**2 + 6*j - 34. What is p(12)?
326
Let y(r) = -789*r - 2229. Determine y(-3).
138
Let b(o) = 310*o**2 - 6207*o + 90. Determine b(20).
-50
Let k(g) = -68*g**2 - g + 16. Calculate k(-2).
-254
Let s(c) = -64*c - 127. Give s(4).
-383
Let g(j) = -2*j**3 - 52*j**2 + 113*j + 27. Determine g(-28).
-1
Let o(a) = 2*a**3 + 60*a**2 - 61*a - 110. Give o(-31).
-141
Let b(l) = 89*l + 112. Calculate b(-1).
23
Let c(b) = 6228*b + 37373. What is c(-6)?
5
Let t(z) = 7*z**3 + 503*z**2 - 73*z - 62. Calculate t(-72).
10
Let y(t) = -t**2 - 44*t + 142. Calculate y(0).
142
Let j(g) = -g**3 - 48*g**2 - 44*g + 129. Give j(-47).
-12
Let d(p) = -p**2 + 69*p + 603. Give d(-8).
-13
Let m(v) = v**3 - 15*v**2 - 6*v + 7. What is m(15)?
-83
Let n(g) = -2*g**3 + 312*g**2 - 11*g + 1745. Calculate n(156).
29
Let t(p) = -p**2 + 12*p - 43. Determine t(4).
-11
Let w(g) = -2*g**3 - 102*g**2 + 221*g + 476. Give w(-53).
-1
Let f(o) = 2*o**3 + 87*o**2 - 1460*o - 2. Determine f(13).
115
Let d(t) = 861*t + 1722. Determine d(-2).
0
Let z(h) = -3*h**3 - 3*h**2 - 7*h - 4. Calculate z(-3).
71
Let a(x) = 6*x - 44. Calculate a(2).
-32
Let h(t) = 12*t**2 + 151*t - 173. Give h(1).
-10
Let x(r) = -2733*r - 21783. What is x(-8)?
81
Let a(u) = -52*u - 40. What is a(-2)?
64
Let m(u) = 5*u**3 + 3*u**2 - 43*u - 44. Calculate m(-1).
-3
Let l(f) = 30*f + 1522. Determine l(-51).
-8
Let t(k) = k**3 - 108*k**2 - 218*k - 78. What is t(110)?
142
Let n(m) = -m**2 + 37*m - 171. Calculate n(32).
-11
Let y(f) = f**3 + 6*f**2 - 45*f - 3. Give y(-11).
-113
Let y(j) = 2*j**2 - 215*j + 3939. What is y(84)?
-9
Let a(y) = -y**3 + 103*y**2 - 197*y - 501. Determine a(101).
4
Let y(a) = a**3 - 40*a**2 + 53*a - 397. Calculate y(39).
149
Let a(o) = -1459*o - 10222. Determine a(-7).
-9
Let k(r) = -r**2 + 391*r - 2331. Determine k(6).
-21
Let c(p) = -p**3 + p**2 - 11*p - 10. What is c(6)?
-256
Let j(h) = -15*h**2 - 372*h + 70. Give j(-25).
-5
Let g(x) = -x**2 + 10674*x + 10. What is g(0)?
10
Let j(n) = -n**2 + 87*n - 556. Calculate j(7).
4
Let u(p) = p**2 - 61*p - 27. Determine u(66).
303
Let i(c) = -10*c**2 + 27*c - 8. What is i(4)?
-60
Let o(j) = 6*j - 182. Determine o(-32).
-374
Let p(m) = -2*m**3 - 5*m**2 + 4*m - 63. Calculate p(0).
-63
Let o(q) = 235*q + 1162. Give o(-5).
-13
Let h(l) = l**2 + 8*l - 34. What is h(12)?
206
Let d(q) = -q**3 - 2*q**2 + 1092*q - 127. Calculate d(32).
1
Let b(c) = -c**2 - 103*c - 389. Give b(-4).
7
Let i(t) = -t**2 + 15*t + 32. What is i(-7)?
-122
Let f(o) = -6*o**2 + 3*o. Give f(-3).
-63
Let m(u) = 9*u + 17. Give m(-11).
-82
Let w(u) = -74*u + 533. Give w(5).
163
Let s(v) = 2*v**3 - 12*v**2 + 18*v - 5. Determine s(5).
35
Let l(t) = -13*t**2 + 5*t + 188. Give l(0).
188
Let p(r) = r**3 + 6*r**2 + 4*r - 15. Give p(0).
-15
Let r(o) = -201*o - 4022. Determine r(-20).
-2
Let m(k) = -21*k**2 + 517*k + 184. Give m(25).
-16
Let b(n) = -2*n**3 + 11*n**2 + 3*n - 44. Give b(5).
-4
Let q(j) = j**3 - 36*j**2 - 156*j - 131. Calculate q(40).
29
Let i(f) = 5*f**2 - 557*f + 1305. Give i(109).
-3
Let v(q) = 8*q**2 - 67*q - 113. Give v(10).
17
Let p(f) = 2*f**2 + 313*f - 6027. What is p(17)?
-128
Let z(r) = 17*r**2 + 2*r - 4. Calculate z(-4).
260
Let h(i) = -31*i - 5361. Determine h(-173).
2
Let r(u) = u**3 + 21*u**2 - 22*u - 3. What is r(-22)?
-3
Let d(n) = -2*n**2 + 16*n + 1. Calculate d(-2).
-39
Let u(x) = -x**2 - 41*x + 108. Give u(-44).
-24
Let s(x) = x**2 + 8*x + 44. Calculate s(0).
44
Let k(c) = -2*c**3 - 69*c - 70. Calculate k(-1).
1
Let g(r) = 215*r + 581. Calculate g(0).
581
Let v(b) = 45*b - 29. Calculate v(9).
376
Let w(m) = -87*m - 602. Calculate w(-8).
94
Let t(f) = -f**3 + 71*f**2 + 1599*f + 279. What is t(89)?
12
Let p(i) = -i**2 + 44*i - 40. Give p(43).
3
Let s(m) = -m**3 - 50*m**2 + 978*m + 35. Give s(-65).
-160
Let f(j) = -17*j**3 + 16*j**2 + 18*j - 37. What is f(2)?
-73
Let o(c) = -c**2 + 35*c + 74. Calculate o(28).
270
Let h(b) = -5*b**2 - 76*b - 14. Determine h(-15).
1
Let l(b) = 16*b - 611. Determine l(32).
-99
Let i(s) = -s**2 - 217*s + 1373. Give i(6).
35
Let x(n) = n**3 - 18*n**2 + 79*n - 329. Give x(14).
-7
Let u(z) = z**3 - 16*z**2 + 60*z - 49. What is u(10)?
-49
Let u(d) = d**2 - 34*d - 1395. What is u(-24)?
-3
Let d(a) = -2*a**2 - 673*a - 4626. Give d(-7).
-13
Let i(v) = 16*v - 328. Determine i(24).
56
Let a(i) = -6*i - 281. What is a(-45)?
-11
Let y(l) = -55*l - 3090. Determine y(-56).
-10
Let m(s) = s**3 + 19*s**2 + 16*s - 20. What is m(-18)?
16
Let x(b) = -33*b - 847. Calculate x(-26).
11
Let g(o) = o**2 - 56*o + 188. Determine g(51).
-67
Let i(t) = 2*t**2 + t - 581. What is i(17)?
14
Let s(q) = q**3 - 18*q**2 - 66*q + 1471. Calculate s(17).
60
Let g(c) = -c**3 - 32*c**2 - 39*c - 237. Determine g(-31).
11
Let c(w) = -w**2 + 90*w - 1990. Calculate c(38).
-14
Let r(a) = -a**3 - 22*a**2 + 65*a - 11. Calculate r(5).
-361
Let c(g) = 46*g + 1096. What is c(-28)?
-192
Let j(w) = -15*w**2 - 23*w + 567. Give j(-7).
-7
Let u(y) = 50*y + 337. Determine u(-8).
-63
Let v(t) = -t**3 + 149*t**2 + 468*t - 1798. Give v(152).
26
Let y(b) = -14*b - 563. What is y(-42)?
25
Let u(h) = h**2 - 148*h - 6636. Calculate u(-36).
-12
Let o(z) = 136*z**2 - 793*z - 133. Give o(6).
5
Let q(m) = -4*m**2 + 57*m + 33. Calculate q(12).
141
Let r(u) = u**3 - 25*u**2 - 333*u + 7974. Determine r(26).
-8
Let s(g) = g**3 - 15*g**2 + 23*g + 19. Calculate s(9).
-260
Let p(l) = -l + 18. Give p(-16).
34
Let q(r) = -8*r**3 - 315*r**2 - 114*r + 35. What is q(-39)?
-82
Let i(f) = f**2 + 222*f - 1146. Give i(5).
-11
Let l(a) = a**2 + 7940*a - 47683. Calculate l(6).
-7
Let c(z) = 380*z - 1197. Give c(3).
-57
Let u(i) = -36*i - 1909. Determine u(-53).
-1
Let s(k) = -k**3 + 17*k**2 + 52*k - 581. Calculate s(18).
31
Let y(u) = -2*u + 9. Determine y(-23).
55
Let g(k) = -29*k - 180. Calculate g(-20).
400
Let x(y) = -158*y + 1358. What is x(9)?
-64
Let x(p) = 3*p**3 - p**2 - 7*p - 2. Calculate x(-2).
-16
Let g(l) = -l**3 + 18*l**2 + 142*l + 42. Give g(24).
-6
Let d(z) = 2*z**2 + 366*z - 5511. What is d(-197)?
5
Let o(j) = -3*j**2 + 3*j + 105. Determine o(7).
-21
Let c(s) = s**2 + 112*s - 277. Calculate c(-113).
-164
Let z(i) = -7*i**3 + i**2 - 2*i - 23. What is z(-3)?
181
Let v(p) = -p**2 + 122*p - 1487. Determine v(14).
25
Let n(t) = 2*t**3 + 4*t**2 - 10*t - 25. Calculate n(-5).
-125
Let d(f) = -2*f**3 + 64*f**2 + 3*f - 93. What is d(32)?
3
Let s(q) = q**2 + 78*q + 1453. Determine s(-30).
13
Let b(h) = -2*h**3 - 31*h**2 - 9*h + 98. Determine b(-15).
8
Let n(a) = -a**3 + 32*a**2 + 102*a - 2. Determine n(35).
-107
Let g(a) = 2*a**2 - 14*a - 541. Determine g(21).
47
Let n(t) = 14147*t - 113181. Calculate n(8).
-5
Let x(c) = c**3 - 25*c**2 + 279*c - 6119. Calculate x(24).
1
Let z(s) = -2*s**3 + 2*s**2 + 28*s + 13. Calculate z(-7).
601
Let x(j) = 2*j**2 + 15*j - 686. Calculate x(20).
414
Let n(f) = -157*f**2 + 1099*f + 7. Determine n(7).
7
Let b(h) = -h**3 + 2*h**2 + 46*h - 90. What is b(2)?
2
Let v(p) = 2*p**2 + 11*p